d + 1185 + 470 = -4*o, 0 = 5*o + 3*d + 2059. What is the tens digit of o/(-6) - 18/(-27)?
6
Suppose 3*h = -2*h - 5*p + 1370, 3*h = 2*p + 847. What is the hundreds digit of h?
2
Suppose 48*l = 44*l + 116. What is the units digit of l?
9
Let s(g) = -g**3 + 20*g**2 - 20*g + 15. Let p be s(19). Let a(m) = 4*m**2 - 9*m - 27. What is the tens digit of a(p)?
7
Suppose -5*a = r + 2*r - 67, -52 = -3*r - 2*a. Let m be 1*(r + -3 + -1). Let x = m + -9. What is the units digit of x?
1
Let z(p) be the second derivative of -p**5/20 - p**4/6 + p**3/6 + p**2 - 5*p. Let n be z(2). Let l = 15 + n. What is the units digit of l?
3
What is the hundreds digit of (6 - (-117)/(-21)) + 10525/7?
5
Suppose 149799 = -339*w + 378*w. What is the tens digit of w?
4
Suppose 4*p + 3*w - 52 = -w, 0 = -4*p - 5*w + 47. What is the units digit of 2416/p + 4/(-18)?
4
What is the units digit of (-25)/10 + ((-10817)/(-2) - 1)?
5
Suppose 0 = -5*n + 7*n + 10. What is the hundreds digit of 119 - (0 + n + 9)?
1
Let d(f) = -116*f**3 + f - 1. What is the units digit of d(-2)?
5
Suppose 8*t - 5*t + 1860 = 0. What is the units digit of (2/(-5))/(4/t)?
2
Suppose -5*x + 720 = -4*u, 147 = x - 4*u - 13. What is the tens digit of x?
4
Let m be (0 + 4)/((-2)/(-3)). Let y be (-9)/(-6)*400/m. Suppose -4*g = -9*g + y. What is the tens digit of g?
2
Suppose 0 = -21*t + 18*t. Suppose t*o - 3*o + 6 = 0. What is the tens digit of (-6 + -6)/(o/(-4))?
2
Let z(i) = i**3 + 8*i**2 + 2*i - 3. Let o be 4/5*(-15)/(-6). Suppose 13 = o*w + 27. What is the tens digit of z(w)?
3
Let w(n) = -83*n**2 + 1. Let j be w(1). Let f = j - -24. Let v = -34 - f. What is the units digit of v?
4
What is the thousands digit of (0 - -1)*(-6 - -13) + 1652?
1
Suppose 4*w - 3*w = 32. Suppose c + w = 5*c. What is the tens digit of (-1)/(2/c) - -33?
2
Suppose 0 = 3*v + 29 - 8. Let c(n) = -n**3 - 8*n**2 - 8*n - 7. Let i be c(v). Suppose i = 4*h - 2*t - 58, h + 0*t - 7 = 3*t. What is the units digit of h?
6
Let k(t) = -t**2 - 102*t + 40. What is the units digit of k(-25)?
5
Suppose -206 = 2*l + 2*a, 3*l + l - 4*a = -412. Let g = -64 - l. What is the tens digit of g?
3
Let m be (1 - -4)/(8/16). Let o(r) = -r**2 + 10*r + 2. Let d be o(m). Suppose -5*c - d*i + 155 = 3*i, -5*c + i = -149. What is the tens digit of c?
3
Suppose 0 = -8*h + 3*h + 5. Suppose 0*l - 3*l + 293 = 2*m, 4*l - 3*m - 368 = 0. Suppose -2*f - l = -5*k, -3*k + 2*f + 62 - h = 0. What is the units digit of k?
7
Let n(v) = -v + 12. Let x(u) = u**2 - 4*u + 2. Let w be x(4). Suppose -w*p = 2*k + 26, k = -0*k - 2*p - 10. What is the tens digit of n(k)?
2
Let w(x) = -13*x**2 - x + 1. Let k be w(-2). Let o = -29 - k. Suppose 3*f + 11 = o. What is the units digit of f?
3
Let u = 154 - -819. What is the tens digit of u?
7
Let i = -5 - -8. Let t(a) = -2*a - 3 + i + 6. What is the tens digit of t(-5)?
1
Suppose -7*j + 2*j = -30. What is the hundreds digit of (-1 - (-3)/9) + 1396/j?
2
Suppose -4*f + 4*k = -901 + 97, -392 = -2*f - 3*k. Let j = f - 15. Suppose -20 = 4*m - j. What is the units digit of m?
1
Let k(l) = -l**3 - 3*l**2 + 5*l + 4. Let v(i) = -i**3 + 6*i**2 + 7*i + 17. Let x be v(7). Let u = 12 - x. What is the units digit of k(u)?
9
Let p(w) = w**3 - 16*w**2 - 16*w + 43. What is the tens digit of p(17)?
6
Suppose -143*c = -151*c + 11200. What is the tens digit of c?
0
Let s(g) be the third derivative of g**5/60 - 5*g**4/24 + 7*g**3/2 + 18*g**2. What is the units digit of s(-9)?
7
Let f be 1 + -27 - (-12 + 13). Let w = f - -22. What is the tens digit of 330/15*w/(-2)?
5
Suppose -3*m + 2*m - 4*x - 8 = 0, -2*x = 3*m + 4. Suppose g - 3*g + 2 = m. Let n(j) = 8*j**2 + j. What is the units digit of n(g)?
9
Suppose -16 = -2*v + 2*f, 4*f + 12 = -2*v + 58. Suppose v*x = 166 - 49. What is the units digit of x?
9
Let q = 14 - 29. Let x(m) = -m**2 - 14*m + 17. Let v be x(q). What is the units digit of ((-8)/v)/((-8)/68)?
4
Suppose -5*q - 20 = -0. Let t(k) = -70*k - 52. What is the tens digit of t(q)?
2
Suppose -2 = 2*w - 8, 0 = -3*q - 2*w + 4491. What is the tens digit of q?
9
Let a(s) = s**3 - 11 - 23*s - s**2 + 36*s - 10*s**2. What is the units digit of a(10)?
9
Suppose 0 = 45*g - 12668 + 1823. What is the units digit of g?
1
Suppose o - 527 + 91 = -4*j, -5*o = j - 128. What is the units digit of j?
8
Let g(x) = -177*x + 150. What is the hundreds digit of g(-5)?
0
Let h(a) = 4*a + 16. Suppose -2*q - 2*v + 7 = -3*v, -5*v - 23 = 2*q. Suppose 3*y = -2*s + 33, -2*y + 3*s + 21 = -q. What is the tens digit of h(y)?
6
Let y = 1630 - 288. What is the hundreds digit of y?
3
Suppose 6*o - 41 = 631. Suppose 0*y = -2*a + y + 46, -5*a + y = -o. Suppose -84 = -a*m + 18*m. What is the tens digit of m?
2
Let z(i) = -i**3 + i**2 - 1. Suppose 3*b - 2*m + 69 = 13, 0 = m + 2. Let q = b + 18. What is the tens digit of z(q)?
1
Let g(l) = l**2 - l. Let s be g(-1). Suppose 0 = 4*b + 2*d - 3*d - 60, 4*d = -s*b + 48. Suppose -3*p = -p - b. What is the units digit of p?
8
Let k be (-96)/(-51) + 14/119. Suppose 7*g - 8*g + k = 0. Suppose g*i = -2*a + 44, 0*a + a = -2*i + 49. What is the tens digit of i?
2
Suppose -i + 5*s = 2*i - 2352, -4*s = -5*i + 3920. What is the units digit of i?
4
What is the tens digit of ((-780)/91)/((-1)/42)?
6
Let w(i) = -47*i + 69. What is the hundreds digit of w(-10)?
5
What is the tens digit of -1*100*(-104)/4?
0
Let c = 12383 + -7112. What is the tens digit of c?
7
Let x(q) = 1363*q**2 + 44*q - 44. What is the thousands digit of x(1)?
1
Let x be -2 + 9/3 + 78/2. Suppose 38*i = x*i - 72. What is the tens digit of i?
3
Let h(l) = -4*l**2 + 0 - 1 + 4*l + 4*l**2 + 24*l**2. What is the hundreds digit of h(-3)?
2
Suppose -j - 2 = n, 5*j = 2*n + 3*n + 30. Let k(s) = 23*s**3 + 3*s**2 - 3*s + 4. What is the hundreds digit of k(j)?
1
Let t = 143 + -84. Suppose 2*q - 4*m = 5*q - 215, -q + t = -5*m. Let p = q - 1. What is the tens digit of p?
6
Suppose 5*j + 50 + 40 = 0. Let k(a) = -8*a - 36. What is the units digit of k(j)?
8
Suppose 10*g + 148 = 3058. What is the units digit of g?
1
Let q be 12/(-21) - 475/(-35). What is the tens digit of (-243)/(-4) - q/(-52)?
6
Let f be (4/(-2))/(5/(-55)). Let z be f*(0 + (-3)/2). Let h = 51 + z. What is the tens digit of h?
1
Let g = -9 - -9. What is the units digit of (-11)/(33/(-801)) - (2 + g)?
5
Suppose 6559 = 2*q + 3*q + 2*x, 3*x - 1304 = -q. What is the tens digit of q?
1
Let l(w) = w - 16. Let y be l(21). What is the units digit of 2/y + (-1996)/(-10)?
0
Suppose 0 = -7*h - 3*h + 80. What is the tens digit of (89 + -3)*4/h*3?
2
Suppose 0 = -4*m + n + 46, m - 5*n = -3*m + 38. Suppose -m*j + 3250 = -2*j. What is the tens digit of j?
2
Suppose -3 = 2*b - 7. Suppose -636 = 7*l - 3*l + 4*c, -b*c + 306 = -2*l. What is the units digit of 4/(-14) - l/7?
2
Let o = -9 + 44. Suppose -i = -6*i + o. What is the units digit of i?
7
Suppose 18090 = 6*m - 5220. What is the hundreds digit of m?
8
Let y(m) = 126*m**2 - 7*m. What is the tens digit of y(2)?
9
Suppose 29*h - 28843 = 72454. What is the thousands digit of h?
3
Suppose -20*i = -2*i - 9252. What is the hundreds digit of i?
5
Let f = 16 - 11. Let q(o) be the first derivative of o**4/4 - 4*o**3/3 + o**2 + 2*o - 6. What is the units digit of q(f)?
7
Suppose 0 = -6*x + 5*x - 2*y + 877, -4403 = -5*x - 4*y. What is the hundreds digit of x?
8
Let b = 66 - 64. What is the tens digit of 5300/45 - -1*b/9?
1
Let h(c) = 5*c + 30 + 0*c - 12*c + 4*c. What is the units digit of h(-7)?
1
Suppose 10 = 3*x + 1. Suppose -x*j + 225 = -3*s, -j - s = 3*s - 100. What is the units digit of j?
0
Let z(h) be the first derivative of 3*h**3 + h**2/2 - 3*h - 3. What is the tens digit of z(3)?
8
Suppose 8 = 3*f + 2. Let c be 3 - (2 + (f - 4)). Suppose 0 = -4*j + 2*o + 42, -c - 1 = 4*o. What is the tens digit of j?
1
What is the hundreds digit of (-1*3054 + -3)/(-26 + 23)?
0
Let t(o) = -o**3 - 10*o**2 + 4*o + 12. Let d be t(-10). Let u = d - -28. Suppose 4*b - k - 237 = u, -2 = k + k. What is the units digit of b?
9
Let o be -2 + (-9)/(-3) + 19. Let b be 5/o - (-14)/8. Suppose b*n - 18 = -4*f, 5*n + f = -f + 85. What is the units digit of n?
9
Suppose 39*d - 35*d - 5*m = 7507, -2*d + 5*m + 3741 = 0. What is the tens digit of d?
8
Let j(a) = -a**2 - 11*a - 7. Suppose -4*w + 5*w - 51 = 3*b, -2*w = 5*b + 96. Let v = b + 11. What is the u